s the units digit of a(s)?
6
Let i(z) = 4*z**2 + 6*z. Let c(x) = 7*x**2 + 12*x + 1. Let f(g) = -3*c(g) + 5*i(g). What is the units digit of f(-5)?
2
Let b(j) = j**2 - 2*j - 4. Let y be b(-3). Suppose -y = -0*t - t. What is the units digit of t?
1
Let n be (174/15)/(2/10). Suppose -62 - n = -3*s. What is the tens digit of s?
4
Let t = -84 - -215. What is the tens digit of t?
3
Suppose -1 = h - 21. What is the tens digit of h?
2
Let g(f) = -f**2 - 8*f - 4. Let v be g(-7). Suppose -3*t - 9 = -y, -t + 2*t = y - v. Suppose n - 2 - 5 = y. What is the units digit of n?
7
Let n(y) = 7*y**3 - y**2. Let j be n(1). What is the units digit of j/4 - 9/(-2)?
6
Suppose 4*n - 4 = 4, 3*r = 3*n + 3. Suppose 0*a - 33 = -3*a + 4*o, r*a + 5*o = 6. Let v(c) = 2*c - 1. What is the units digit of v(a)?
3
Let p = -5 - -29. What is the units digit of p?
4
Suppose 0 = 2*o - 0*o - 5*d - 16, 4*o - d = 14. Let l be -1 - -1 - (-3 + 5). Let i = o - l. What is the units digit of i?
5
Let r(u) = 6*u**2 - u. What is the tens digit of r(-3)?
5
Let z(g) = g**2 - g - 1. Let c(t) = t - 6. Let j(h) = c(h) + z(h). What is the tens digit of j(5)?
1
Let y = 42 + -28. Suppose -y = -6*f + 4*f. What is the units digit of f?
7
Let j = -9 - -30. Let m = -12 + j. What is the units digit of m?
9
Let z(m) = -2*m - 4 - 3*m**2 - 3 + 7*m**2 - 3*m**2. What is the units digit of z(5)?
8
Let l = 103 + -62. What is the tens digit of l?
4
Let v be (-1 + 3)*4 + -2. What is the tens digit of v/(-27) - 364/(-18)?
2
Let p = 20 - 4. Suppose 22 + p = 2*n. What is the tens digit of n?
1
Let s be (-151)/(-9) - (-2)/9. What is the units digit of s*(2 - 1) - 0?
7
Suppose -11 - 135 = -2*y. What is the tens digit of y?
7
Let d be ((-2)/4 - 0)*2. Let w = d - 0. What is the units digit of (-8)/(-6) - w/(-3)?
1
Let n(d) = -d**3 - 6*d**2 - 5*d + 7. What is the units digit of n(-6)?
7
Let j(f) = 4*f - 7. Let k(w) = -3*w + 6. Let y(h) = -6*j(h) - 7*k(h). Let p(v) = v. Let q(z) = -p(z) - y(z). What is the units digit of q(3)?
6
Suppose 6*h - 1028 = -308. What is the units digit of h?
0
Let q(b) = b + 0 - 3 + 7. Let p = 4 - -1. What is the units digit of q(p)?
9
Let f(i) = -5*i**3 + 4*i**2 - 3*i + 4. Let j(o) = o**3 + o**2 - o + 1. Let v be -2 + (4 - -1*2). Let w(h) = v*j(h) - f(h). What is the units digit of w(1)?
8
Suppose 2*g + 4 = -5*o - 14, 0 = -g - 4. What is the units digit of o/4*42/(-3)?
7
Suppose 0 = 4*s - 5 - 3. Suppose 0 = -p - 3*y - 0*y + 4, s*p = 3*y - 1. What is the units digit of p?
1
Let r(a) = -2 + a**2 + a + a + 2*a. Suppose 3*x + 9 = 0, -2 = 4*o + 3*x + 27. What is the units digit of r(o)?
3
Let w(k) = 4*k**2 + 4*k - 3. Let m be w(2). Let y = m - 8. What is the units digit of y?
3
Let w be (1 - -8)*1/3. Suppose 25 = 5*y - 0*y + w*s, -y + 5 = 2*s. Suppose -m + 4*i = 7, -3*m - 5 + 35 = y*i. What is the units digit of m?
5
Let m = 0 + 13. What is the units digit of m?
3
Let b = 71 - -45. What is the tens digit of b?
1
Let t(u) = u**2 - 3. Let g be t(4). Let q = 4 - 24. What is the units digit of (g/(-4))/(5/q)?
3
Let z(c) = c**2 + 22*c - 8. What is the hundreds digit of z(10)?
3
Let g(p) = -p**2 + 10*p - 6. Let n be g(8). Suppose -n = -3*s - 2*s. What is the units digit of s?
2
Suppose 3*g + 3*w = 339, -408 = -5*g - 3*w + 159. What is the hundreds digit of g?
1
Suppose -212 = 5*i - 9*i. What is the units digit of i?
3
Let l be (2 - 14)/(2/(-8)). Suppose -r + s + 12 = 0, 7*r + s = 2*r + l. What is the units digit of r?
0
Let f = -6 + 11. Suppose 3*c - 16 = -2*p, -51 = -f*p - 2*c + 11. What is the tens digit of p?
1
Let t(w) = -w**2 - 2*w + 4. Let g be t(-3). Suppose g = 2*q - 11. What is the units digit of q?
6
Let b(w) = -w**3 + w**2 + 3*w + 3. Let p be b(3). Let o = -5 - p. What is the units digit of o?
1
Let z be (2 + -2)/(-3 + 1). Suppose z = 2*o + 6 - 14. What is the units digit of o?
4
Suppose 0 = 5*f - i - 97, f = -2*f - 3*i + 69. What is the units digit of f?
0
Let a be 8/28 - 94/(-14). Suppose a + 3 = 2*f. Suppose 6*p = f*p + 9. What is the units digit of p?
9
Let x(c) = 45*c**3 - 2*c**2 - c + 2. What is the tens digit of x(1)?
4
What is the hundreds digit of (94 + (0 - 0))*(-33)/(-22)?
1
Let s = 87 + 28. What is the hundreds digit of s?
1
Let d(z) = 86*z**3 - 2*z + 1. Let c be d(1). Suppose -c + 15 = -5*u. What is the tens digit of u?
1
Suppose -2*s + 6*s - 3*a = 11, -4 = -3*s - 2*a. Suppose s*b + 2*b - 8 = 0. What is the units digit of b?
2
Let a = -8 - -4. Let k = a - -15. What is the tens digit of k?
1
Let d be -1*0/3*1. Suppose d = -0*i - 3*i. Suppose i = -2*v - 8 + 20. What is the units digit of v?
6
Let v = 128 - 41. What is the units digit of v?
7
Let l be 0 + 3/(-2 + -1). Let q be 18/3 - 1/l. What is the units digit of (-92)/(-28) + (-2)/q?
3
What is the units digit of 3 + (-1 + -1 - 0)?
1
Suppose -174 + 14 = -5*t. Let l = 49 - t. What is the tens digit of l?
1
Let r = -13 - -22. Suppose -r*q = -7*q - 8. What is the units digit of q?
4
Suppose 0 = -3*i - 14 + 5. What is the units digit of i/(-1) + (7 - -10)?
0
Let y(v) = v**2 - 5*v + 6. What is the tens digit of y(10)?
5
What is the tens digit of (374 - -1)*(-2)/6*-1?
2
Let u(l) = -l + 6. Let t be u(-6). Suppose t = -p - p. What is the units digit of (-15)/10*p*1?
9
Let q = -15 + 29. What is the tens digit of q?
1
Let o(g) = 5*g - 2. Let u(a) = a**3 + 4*a**2 + 4*a + 2. Let l be u(-2). What is the units digit of o(l)?
8
Let m = -32 + 97. What is the tens digit of m?
6
Suppose 11 = 8*z - 5. Let x = -16 - -23. What is the tens digit of (z - 0)/(1/x)?
1
Let d(x) = 3*x**2 + 4*x - 3. What is the units digit of d(1)?
4
Suppose -4*g = -2*q + 310, -3*q + 0*g + 415 = 4*g. What is the units digit of q?
5
Suppose 2*m + 4*t = 36, m + 4*t - 4 = 24. Suppose 3*j + 2*n - 7 = 0, 4*j - m*j - n + 6 = 0. What is the units digit of j?
1
Let s(u) be the third derivative of u**5/12 + u**4/12 + u**3/6 - 3*u**2. What is the units digit of s(-1)?
4
Let h(w) = w**3 - 7*w**2 + w - 2. Let a be h(7). What is the tens digit of (-198)/(-10) - (-1)/a?
2
Suppose -b + 3*l + 14 = 0, -3*l - 4 = -4*l. Let m = 0 - 1. What is the tens digit of (2*b/(-4))/m?
1
Let c(l) = 5*l + 216. What is the tens digit of c(0)?
1
Let w(d) = -2*d**3 + 3*d**2 + 5*d - 3. Let y be w(3). Let q = -3 - y. What is the units digit of q?
2
Suppose 2*u = -2*w + 2, -u - 3*w = 3*u - 5. What is the units digit of (3 - 5)/((-1)/u)?
4
Suppose 2*s + 2*m = 5*m - 19, -4*s - 4*m - 28 = 0. Let w = 18 + s. What is the units digit of w?
0
Let l be 4 + -4 + 3*1. Let d(s) = -3*s - s**3 - 12 - l*s**2 + 2*s**3 + 13 + 0*s**3. What is the units digit of d(4)?
5
Suppose -3*z + 265 - 58 = 0. What is the units digit of z?
9
Let g(u) = 28*u. What is the units digit of g(2)?
6
Let x = -11 - -11. Suppose 3*v = 3*o - 69, 2*o - v - 37 - 11 = x. What is the units digit of o?
5
Suppose -5*t - 6 = 4*m, 2*t + 2*m - 12 = 4*m. Let y be ((-2)/(-4))/((-2)/(-8)). Let c = y + t. What is the units digit of c?
4
Suppose -2*d = 4*x - 12, 0*d - 3*d + 6 = 0. Suppose 3*l - x - 1 = 0. What is the units digit of l?
1
What is the units digit of -5 - 11/((-11)/52)?
7
Let p be 0 - (-1 - 0/(-2)). Let d(u) = -2*u**3 + u**2. Let s be d(1). What is the units digit of -8*(s - p) - 3?
3
Suppose -n - n = 0. Suppose -3*x - 8 + 35 = n. What is the units digit of x?
9
Let f(k) = -k**2 + 22*k - 13. What is the units digit of f(9)?
4
Suppose -3*p = 3*s - 0*s - 408, -5*p = -5*s + 720. Suppose 0 = 4*l + 4*o - s, -5*l - o + 154 = -3*o. What is the tens digit of l?
3
Let g(r) = -r**3 + 7*r**2 - 6*r + 9. Let o be g(6). Let b = o - 13. What is the units digit of 7 + 1 - (b + 4)?
8
Let v(t) = 11*t - 1. Let i be v(2). Suppose 5*s + 19 = -i. Let g = s + 11. What is the units digit of g?
3
Suppose -h - 60 = -2*v - 2*h, 4*v - 3*h - 140 = 0. What is the tens digit of v?
3
Let p(c) = 2*c + 7. Let d be p(-4). What is the units digit of 34 + (d - 0 - -3)?
6
Let y(s) = 4*s - 1. Let d be y(1). Suppose d*f + f = 16. What is the units digit of (-56)/(-9) + f/(-18)?
6
Suppose 0 - 2 = -w. Let r = -7 + w. Let i = r + 8. What is the units digit of i?
3
Let j = -3 - 1. Let s(r) = r**2 - 2*r + 1. Let f(v) = -2*v**2 + 3*v - 1. Let x(a) = j*s(a) - 3*f(a). What is the units digit of x(2)?
5
Let i be 7*(20/(-7) + 2). Let x = 10 + i. What is the units digit of x?
4
Let u = 31 + -57. Wha